 -c**3 - 7*c**2 - 3*c - 2. What is u(-3)?
-29
Let u(r) = r - 35. Give u(38).
3
Let t(l) = l**2 + 3*l - 3. Give t(2).
7
Let v(d) = 4*d - 2. Give v(-4).
-18
Let z(l) = -l - 45. Give z(-6).
-39
Let c(k) = -k**3 + 3*k**2 - k - 3. Give c(2).
-1
Let o(c) = c**2 - c + 66. Determine o(0).
66
Let s(q) = 11*q - 12. What is s(8)?
76
Let w(h) = -h - 1. Determine w(9).
-10
Let p(c) = -c**2 + c + 5. Calculate p(-4).
-15
Let r(m) = -m**2 + 4*m + 5. Determine r(6).
-7
Let o(y) = -8*y**2 + 7*y + 8. What is o(-1)?
-7
Let y(p) = -9*p + 4. Determine y(-2).
22
Let m(w) = w**2 + 22*w + 44. Give m(-20).
4
Let d(g) = g**3 + 2*g - 2. Determine d(2).
10
Let x(a) = -a**3 - 5*a**2 + 8*a + 8. Determine x(-6).
-4
Let d(r) = -8*r**2 - 3*r + 2. What is d(-2)?
-24
Let i(t) = -t**2 + 8*t - 13. Determine i(8).
-13
Let f(g) = g**2 - 4*g. Calculate f(-3).
21
Let m(a) = a**2 + 7*a - 3. Determine m(-7).
-3
Let c(h) = h**3 - 5*h**2 - 3*h - 3. Calculate c(5).
-18
Let j(b) = b**2 - 10*b - 4. Give j(9).
-13
Let v(o) = -o**2 + 17*o + 86. Determine v(23).
-52
Let t(c) = -c**3 + 6*c**2 - 7*c + 13. Calculate t(5).
3
Let b(l) = -l**3 - 4*l**2 + 2*l - 7. What is b(-5)?
8
Let b(m) = 4*m**3 - 4*m**2 - m + 5. What is b(-3)?
-136
Let o(f) = -4*f - 1. Calculate o(1).
-5
Let f(r) = -r**3 + 2*r**2 - r + 13. Give f(0).
13
Let s(r) = r**3 + 2*r**2 + r. Determine s(-3).
-12
Let h(n) = -3*n**2 - 3*n - 6. What is h(-2)?
-12
Let j(q) = -3*q**2 + 3*q + 26. Calculate j(-3).
-10
Let q(j) = j**2 + 15*j + 2. What is q(-12)?
-34
Let c(u) = 4*u - 184. Calculate c(42).
-16
Let z(w) = -6*w**2 + 2*w + 2. Determine z(-2).
-26
Let u(d) = -d**2 + 8*d + 44. Calculate u(12).
-4
Let l(h) = -2*h**3 - h. Calculate l(-1).
3
Let q(h) = h**2 + 3. Determine q(0).
3
Let u(w) = w**3 - w**2 + 2*w - 7. Calculate u(0).
-7
Let r(n) = 13*n**2 - n. Determine r(1).
12
Let q(g) = -121*g + 3. Determine q(-1).
124
Let b(p) = -p**2 + 2*p - 1. Calculate b(7).
-36
Let q(w) = -w**3 + 11*w**2 - 16*w - 14. Give q(9).
4
Let k(s) = 16*s + 26. What is k(-11)?
-150
Let a(r) = -9*r - 74. Give a(-7).
-11
Let i(s) = s**3 + 3*s**2 - 2*s - 3. What is i(-2)?
5
Let l(r) = -r**3 + 7*r**2 + 2*r - 10. Determine l(7).
4
Let w(v) = -v**2 + 17*v + 30. Give w(19).
-8
Let w(o) = o**2 - 18*o + 9. Calculate w(14).
-47
Let n(f) = -f**3 - 14*f**2 - 14*f - 4. Calculate n(-13).
9
Let a(n) = 3*n - 2. What is a(-2)?
-8
Let y(s) = s**2 - 6*s + 6. Give y(2).
-2
Let x(t) = 3*t**2 + 8*t - 26. What is x(2)?
2
Let n(k) = -k**2 + 8*k - 24. Give n(8).
-24
Let b(h) = -2*h + 8. Determine b(8).
-8
Let s(b) = b**3 + 21*b**2 - 161*b + 30. What is s(-27)?
3
Let z(a) = -a**3 + 3*a - 3. What is z(2)?
-5
Let t(r) = -5*r - 1. Determine t(-5).
24
Let m(s) = -6*s + 3. Determine m(7).
-39
Let x(b) = -b**3 + b**2 - 3*b - 3. Determine x(3).
-30
Let d(y) = -y**3 - 30*y**2 - 33*y + 2. What is d(-29)?
118
Let a(x) = x**2 + 24*x + 85. Determine a(-20).
5
Let f(r) = -3*r**2 + 6. What is f(-2)?
-6
Let y(r) = -r**3 - 11*r**2 - 8*r - 12. What is y(-10)?
-32
Let h(u) = -16*u**3 - 2*u**2 - u. Calculate h(-1).
15
Let p(m) = -m**2 - 16*m - 41. Determine p(-13).
-2
Let b(r) = -2*r - 51. Determine b(-8).
-35
Let s(r) = -r**3 + 8*r**2 + 5*r - 8. Determine s(8).
32
Let c(y) = -y**2 - 22*y + 21. What is c(-23)?
-2
Let g(m) = 24*m + 30. Determine g(-1).
6
Let o(q) = -q**3 + 5*q**2 + 18*q - 29. Determine o(7).
-1
Let w(t) = 2*t**2 + t + 3. Give w(2).
13
Let u(j) = -2*j**3 - 8*j**2 + 11*j + 25. Give u(-5).
20
Let z(f) = -f**2 + 29*f + 40. Calculate z(30).
10
Let q(x) = x**3 - 7*x**2 - 7*x - 12. Calculate q(8).
-4
Let d(y) = y**2 + 13*y + 33. Calculate d(-5).
-7
Let t(x) = -3*x - 9. Calculate t(0).
-9
Let a(y) = 14*y - 242. Determine a(17).
-4
Let v(c) = c**3 + 29*c**2 - 3*c - 99. Determine v(-29).
-12
Let y(g) = -3*g + 3. Determine y(-1).
6
Let o(x) = x**3 + x**2 - 2*x - 1. Give o(0).
-1
Let h(c) = c**3 - c**2 + c - 32. Calculate h(0).
-32
Let a(m) = m - 11. What is a(-10)?
-21
Let h(m) = 2*m + 96. Calculate h(0).
96
Let f(h) = -h**3 - 12*h**2 - h - 1. Give f(-12).
11
Let o(s) = -10*s**3 - s**2 + 2*s - 1. What is o(1)?
-10
Let o(i) = -4*i**2 - 2*i - 1. Give o(-6).
-133
Let r(n) = -73*n**3 + 4*n**2 - n - 3. Determine r(-1).
75
Let l(c) = c**3 + 2*c**2 - c - 3. What is l(3)?
39
Let m(d) = -4*d - 25. Calculate m(-7).
3
Let x(w) = w**2 + 3*w - 4. Give x(3).
14
Let x(y) = 32*y + 100. Calculate x(-3).
4
Let b(c) = -11*c**2 + c + 4. What is b(2)?
-38
Let g(d) = 3*d - 63. Determine g(-5).
-78
Let g(q) = 2*q + 2. Calculate g(-7).
-12
Let d(g) = -6*g**2 + 189*g + 100. What is d(32)?
4
Let a(v) = v**3 + 8*v**2 - 3*v + 1. What is a(-8)?
25
Let q(y) = -3*y - 38. Determine q(-11).
-5
Let q(p) = -p**2 - 37*p - 174. Give q(-31).
12
Let i(d) = 2*d - 4. Calculate i(-6).
-16
Let n(a) = 8*a - 1. Determine n(-1).
-9
Let t(a) = a**3 + 9*a**2 + 2*a + 18. Determine t(-9).
0
Let o(x) = -x**2 + 7*x + 6. Determine o(8).
-2
Let y(d) = d + 10. Calculate y(-5).
5
Let o(z) = 2*z**2 + 21*z - 6. Calculate o(-11).
5
Let v(u) = -13*u + 173. Calculate v(16).
-35
Let z(d) = 4*d**3 - 2*d**2 - 3*d + 3. Determine z(2).
21
Let y(f) = -f**2 - 8*f + 7. Calculate y(-9).
-2
Let m(p) = 3*p**2 + 7*p + 3. What is m(-3)?
9
Let q(x) = -x**3 + 14*x**2 - 20*x + 92. Calculate q(13).
1
Let w(o) = -3*o - 7. Calculate w(-6).
11
Let l(f) = 35*f + 1. What is l(2)?
71
Let n(k) = -k**3 + 6*k**2 - 4*k + 18. Calculate n(6).
-6
Let v(n) = n**3 - 18*n**2 - 22*n + 58. Determine v(19).
1
Let t(n) = -n**3 - 49*n**2 + 55*n + 251. Determine t(-50).
1
Let d(s) = -s**3 + 5*s**2 - 3*s - 6. Determine d(4).
-2
Let t(h) = -2*h**3 + 16. Calculate t(0).
16
Let r(d) = -d**3 - 12*d**2 + 14*d - 13. Give r(-13).
-26
Let x(w) = w**3 - 6*w**2 - 9*w + 9. What is x(7)?
-5
Let b(p) = -p**3 - 4*p**2 + p - 1. Determine b(-5).
19
Let c(y) = -y**3 - 6*y**2 - 3*y - 3. What is c(-5)?
-13
Let u(j) = -j - 10. Give u(10).
-20
Let o(v) = 2*v**2 + 37*v - 29. What is o(-21)?
76
Let h(r) = -r**2 - 4*r + 2. What is h(-5)?
-3
Let b(x) = x**3 + 6*x**2 - 10*x + 10. Determine b(-8).
-38
Let h(b) = -b**2 + 8*b - 6. Give h(6).
6
Let v(a) = -a**2 - 9*a - 11. Give v(-5).
9
Let h(m) = -2*m**2 - 4*m + 8. Give h(-4).
-8
Let v(g) = -2*g - 2. Give v(2).
-6
Let u(z) = z**2 - 9*z - 3. Give u(11).
19
Let u(r) = r**3 - 4*r**2 + 17*r - 48. What is u(4)?
20
Let s(b) = b. What is s(-1)?
-1
Let q(n) = -2*n**3 + 3*n - 5. Give q(2).
-15
Let k(z) = z**2 - 7*z + 10. Calculate k(4).
-2
Let i(m) = m**3 + 2*m**2 - 7*m + 4. Calculate i(-4).
0
Let r(a) = a**2 - 5*a - 3. Calculate r(7).
11
Let c(l) = 3*l**2. What is c(-1)?
3
Let w(l) = -2*l**2 + l + 3. Calculate w(3).
-12
Let w(o) = o**2 - 15*o + 42. Give w(11).
-2
Let k(y) = 2*y**3 - y**2 + 4*y. What is k(3)?
57
Let n(k) = k**2 + 11*k - 8. Calculate n(-12).
4
Let y(f) = f**2 + 4*f - 23. Give y(-13).
94
Let l(t) = 3*t + 13. Determine l(-4).
1
Let t(c) = c**3 - 22*c**2 - 9. Give t(22).
-9
Let p(f) = f**3 + 8*f**2 + f - 1. Determine p(-7).
41
Let o(t) = -13*t - 4. Determine o(-4).
48
Let a(x) = -x**3 - 31*x**2 + 32*x + 4. Give a(-32).
4
Let o(l) = 3*l + 3. Give o(-5).
-12
Let t(d) = 11*d + 576. What is t(-52)?
4
Let z(y) = -y**3 - 11*y**2 + 13*y + 15. Calculate z(-12).
3
Let b(u) = -u**3 + 7*u**2 - 10*u + 9. What is b(6)?
-15
Let w(b) = b**2 + 6*b - 5. Give w(4).
35
Let n(t) = 5*t - 5. Give n(5).
20
Let g(t) = t**3 + 6*t**2 + 2*t + 9. What is g(-6)?
-3
Let h(j) = -j**3 - 2*j**2 + 2*j - 1. Calculate h(-4).
23
Let r(v) = -42*v**2 + 2*v - 2. Determine r(1).
-42
Let f(h) = -h**2 - 12*h - 6. Calculate f(-9).
21
Let u(a) = 7*a - 6. Determine u(0).
-6
Let f(t) = t**2 + 6*t + 6. Calculate f(-5).
1
Let v(w) = -w**3 - 9*w**2 - 10*w - 8. Give v(-7).
-36
Let d(b) = -24*b - 232. What is d(-10)?
8
Let a(n) = n**2 - 24*n + 27. Determine a(23).
4
Let h(d) = -6*d + 84. Calculate h(16).
-12
Let r(x) = -98*x + 589. Calculate r(6).
1
Let b(d) = d**2 + 10*d. What is b(-11)?
11
Let l(h) = h**2 - 5*h + 3. What is l(4)?
-1
Let a(u) = 19*u + 16. Give a(-1).
-3
Let w(u) = 45*u**2 + u - 1. Determine w(1).
45
Let s(w) = 9*w - 17. What is s(6)?
37
Let g(i) = -i**3 + 2*i**2 + 4*i - 3. What is g(3)?
0
Let q(d) = d**2 + 7*d + 3. Calculate q(-6).
-3
Let y(n) = -3*n - 1. Calculate y(0).
-1
Let h(i) = 12*i - 92. Determine h(8).
4
Let p(h) = -h**3 + 3*h**2 + 3*h - 4. What is p(4)?
-8
Let w(x) = -2*x**3 + 67*x**2 + 29*x + 1